e 546 = -8*q - 54. Let d = -78 - q. Let u(g) = g**3 + 2*g**2 - 3*g - 1. Calculate u(d).
-1
Let r(v) = v + 1. Let t(a) = a**3 + 17*a**2 - a - 16. Let j be t(-17). Let y be j/3 - 10/(-6) - -3. Calculate r(y).
6
Let x(w) = -9 - 1 - 5 + 1 + w - 11. Calculate x(0).
-25
Let x(v) = 3*v**2 + v - 7. Let z be x(0). Let u(q) = -4*q - 35. What is u(z)?
-7
Let t(w) = 14*w - 4. Let v(f) = f - 1. Suppose -4*d - 1 - 3 = 0. Let q(o) = d*t(o) + 3*v(o). Determine q(1).
-10
Let z(t) = -3*t + 6. Let i be z(2). Let m(y) = y. Let l(p) = 6*p - 4. Let n(g) = -l(g) + 5*m(g). Determine n(i).
4
Let q(d) = d**3 - 2*d**2 - d + 1. Let z be q(2). Let t be z/(15/(-18) - -1). Let y(w) = -w**2 - 6*w + 3. Calculate y(t).
3
Let q(b) be the first derivative of b**3/3 - 6*b**2 + 18*b - 493. Determine q(10).
-2
Let b(f) = 4*f**2 - 11*f - 11. Let q(k) = 0*k**2 + 6*k**2 - 7*k - 3*k**2 + 0*k**2 - 7. Suppose 0 = -65*z + 58*z - 35. Let r(h) = z*b(h) + 8*q(h). What is r(-1)?
4
Suppose -8 = -6*q + 2*q - 3*i, 5*q + i - 21 = 0. Let g(b) be the first derivative of -b**4/4 + 5*b**3/3 + b**2 - 5*b - 24. Calculate g(q).
5
Let b(w) = -11*w. Let u = -1258 + 1263. What is b(u)?
-55
Let y(s) = 2*s + 9. Let z(q) = 2*q + 10. Let h(t) = -7*y(t) + 6*z(t). Suppose -7 = 2*d + 1. Determine h(d).
5
Let j(u) = -14 - 21 + u**3 + 58 - 16 + u + 8*u**2. Suppose -2*y + 23 = -6*y + 3*d, 4*y + 4*d + 44 = 0. Give j(y).
-1
Let i(u) be the third derivative of u**7/2520 - u**6/240 + 11*u**5/60 - 14*u**2. Let c(q) be the third derivative of i(q). What is c(4)?
5
Let h(w) = -3*w**3 + 2*w**2 - 25*w - 9. Let y(m) = -2*m**3 + m**2 - 18*m - 6. Let n(p) = 5*h(p) - 7*y(p). Calculate n(3).
0
Let o(x) = -x**2 - x + 3. Let c = -1196 + 1197. Determine o(c).
1
Let w(h) be the third derivative of -h**6/120 + h**5/10 - h**4/4 - 7*h**3/6 - 5*h**2 - h. Give w(5).
-12
Suppose -13 = -3*c - 7. Let b(h) = 0 - 1 + 2*h - 2*h**2 + 0*h**c + h**2. Give b(3).
-4
Let c(k) = -k**2 + 3*k + 2. Let d(f) = f**3 + 63*f**2 - 67*f - 194. Let w be d(-64). Give c(w).
-8
Let v(h) be the first derivative of -h**6/120 - 7*h**5/60 - 5*h**2 + 5. Let b(a) be the second derivative of v(a). Determine b(-7).
0
Let u = -5 + 11. Let j be 2*7/((-21)/u). Let o(x) = -x**3 - 6*x**2 - 6*x - 3. Determine o(j).
-11
Let p(z) = z**3 - z. Let t(k) = -5*k + 29. Let m be t(6). Give p(m).
0
Suppose 3*w + 3*b + 147 = 0, -5*w + 2*w - 143 = -b. Let k = w - -48. Let h(l) = -l + 2. What is h(k)?
2
Let b(r) be the second derivative of r**6/360 + r**4/4 - 3*r**3/2 - 14*r. Let c(q) be the second derivative of b(q). Calculate c(0).
6
Let y(d) = 6*d - 18*d - 7 - d**2 - 9 + d. Give y(-10).
-6
Let i = -20 + 24. Let v(r) = -2*r + i*r + r - 2*r - 10. Calculate v(6).
-4
Let g(m) = 3*m - 12. Let b be g(-8). Let p be (-31)/11 + b/198. Let s(j) = -2*j**3 + 5*j**2 + 5*j + 3. Let l(i) = -i**3. Let w(c) = -3*l(c) + s(c). Give w(p).
6
Suppose -32 - 40 = -12*x. Suppose 2*l + 6 = -4*m, -x*m + 3 = -l - m. Let s(b) = b**2 - 2*b + 2. What is s(l)?
17
Let h(b) = -b**2 - 7*b. Let v(x) = 2*x**2 + 51*x - 206. Let w be v(-29). Give h(w).
12
Let u(f) be the second derivative of -1/12*f**4 - 43*f - 5/6*f**3 + 0 - 1/2*f**2. Calculate u(-6).
-7
Let y(f) = 5*f + 3 + 0*f**3 - 7*f - f**3 + f. What is y(0)?
3
Let h be -2*(-1)/(-4)*4. Let s(p) be the third derivative of p**5/30 + p**4/8 + p**3/6 - 109*p**2. Give s(h).
3
Let d = 17 + -14. Suppose -d*o - 3*h = -0 + 3, 0 = 3*o + h - 3. Suppose -2*l + 3 = 5*m, -3*l + 6*m + 16 = o*m. Let x(b) = b**2 - 2*b + 2. What is x(l)?
10
Let p(h) be the second derivative of -9*h + 1/20*h**5 + 0 - 1/3*h**3 - h**2 + 5/12*h**4. Determine p(-5).
8
Let p(o) = o - 6. Let q = 4 - 3. Let i = 5 - q. Suppose 4*l = n + 2*n + i, 3*n - 3 = -3*l. Give p(n).
-6
Let r(g) = g**3 + 4*g**2 + 11*g + 38. Let c be r(-4). Let a(z) = z**2 + 7*z + 12. What is a(c)?
6
Let n(y) = -2*y**3 + 5*y**2 - 3*y + 13. Let q be n(4). Let w = 60 + q. Let o(j) = -j + 15. Determine o(w).
2
Let n(d) = 4*d - 1. Let y(h) = 2*h - 16. Let r be y(11). What is n(r)?
23
Let v(q) = 3*q + 15. Let c(d) = -d**3 + 13*d**2 + 5*d - 70. Let t be c(13). What is v(t)?
0
Let l(b) = -2*b**2 + 48*b + 111. Let c be l(26). Let o(p) = p**2 + 6 + 2 + 1 - 8*p. Determine o(c).
2
Let g(x) = 8*x - 5. Let d(f) = 7*f - 5. Let q(l) = 6*d(l) - 5*g(l). Let r(n) = -n**3 + 13*n**2 + 45*n + 54. Let z be r(16). What is q(z)?
7
Let a be -4 + (1 - -2 - -3). Suppose -3*q - a = 2*w, -5*w - 9 = -3*q + 17. Let f(y) = 0*y + y + y + q*y. Give f(-1).
-4
Let h(d) = -8*d + 2. Let o be (1 + 0)/(9/36). Let t be (4/o)/((-1)/(-2)). Determine h(t).
-14
Let w(y) = 78 + 2*y**2 - y**2 - 86. Let t = 23 + -21. Let b be 0/(1 + t + -4). Calculate w(b).
-8
Let c(i) = i**2 + 8*i + 14. Let r be c(-6). Suppose r + 0 = -2*b. Let t(n) = 5*n**3 - 2*n**2 - 2*n - 1. Calculate t(b).
-6
Let o be 0 + (0 - (2 - 1)). Let i = o + 3. Let x(q) be the third derivative of q**6/120 - q**4/12 - 48*q**2. What is x(i)?
4
Let y(z) be the third derivative of -z**6/120 - 7*z**5/60 + 5*z**4/12 + z**3 + 5*z**2 - 9*z. What is y(-8)?
-10
Let p(d) be the second derivative of d**4/4 + 2*d**3/3 + 2*d**2 + 4*d - 7. Determine p(-3).
19
Suppose -3*d + 2*o + 3 = -10, o + 2 = -3*d. Let w = d - 0. Suppose -3*k + w = -17. Let b(m) = -m**3 + 7*m**2 - 8*m + 6. Calculate b(k).
-6
Let q(o) = o + 9. Suppose -9 - 11 = -5*n. Let h(r) = -7 - 8 + 3 + n. Let y(k) = 6*h(k) + 5*q(k). What is y(3)?
12
Let r(t) be the first derivative of -1/4*t**4 - 2*t**2 - 4/3*t**3 - 2*t - 1. What is r(-3)?
1
Let r = 26 + -54. Let k be 31/(-7) + 16/r. Let v(w) = -6*w**2 - 10*w + 12. Let t(c) = 7*c**2 + 11*c - 13. Let j(m) = 5*t(m) + 6*v(m). Give j(k).
7
Suppose 5*d - 3*d + 4*z - 4 = 0, -z = -4*d - 37. Let g(v) be the third derivative of -v**6/120 - 7*v**5/60 + 7*v**4/24 + v**3 + 4*v**2. Calculate g(d).
14
Let b = -8 + 10. Suppose -3*l + 1 = -b*l. Let i be l/(1/5*1). Let r(h) = 2*h - 4. Determine r(i).
6
Suppose 2*t - 1 + 5 = 0. Let l = 5 + 2. Let a(b) = 4*b + b - l*b - 4*b**2 + 2. Give a(t).
-10
Suppose 14*m - 24 - 46 = 0. Suppose 2*k + 5 = 4*w - 3, -2*w - 4 = -m*k. Let r(o) = -3*o**2 + 3*o**2 + 3*o - 1 - 3*o**2. Give r(k).
-7
Let c = 338 + -344. Let d(f) be the third derivative of -f**6/120 - 7*f**5/60 - 5*f**4/24 + 2*f**3/3 - f**2. Determine d(c).
-2
Suppose 2*u + 6 = 2*i + 6*u, -6*u + 4 = -2*i. Let p(s) = -8*s - 1 - 2*s + 2*s. Determine p(i).
-9
Let p(d) be the third derivative of -d**5/30 + d**4/4 + 5*d**3/6 + d**2. Suppose -2*v + 180 = -20. Let b = 105 - v. Determine p(b).
-15
Let z(o) = -o**2 + 2*o - 1. Let p = 14 - 8. Let f(q) = q**2 - 10*q - 7. Let m be f(p). Let w = m + 29. Determine z(w).
-9
Let y(b) = 1. Let z(c) = -c - 3. Let f(t) = -4*y(t) - z(t). Let j be 0*1/6*-2. Let g(w) = -w + 6. Let x be g(j). Calculate f(x).
5
Let y(v) = 49*v - 1. Let b(c) = 64*c + 1. Let i be b(0). Calculate y(i).
48
Let k(a) = -a**3 - 5*a**2 + 7*a - 1. Let h(q) = -q + 7. Let g be h(13). Let t be (-2)/(-6) + 38/g. Give k(t).
-7
Suppose 0 = -5*n + 4*g + 27, 5*g = -n + g - 9. Let l be (n/(3/4))/(-2). Let j(w) = -2*w**2 + w - 1. What is j(l)?
-11
Let w = -40 - -67. Let k = -21 + w. Let o(j) be the second derivative of j**5/20 - j**4/2 + 2*j**2 + 3*j. Determine o(k).
4
Let b(l) = 2*l**2 + 2*l**2 - 3 - 5*l**2 - l**3. Let g be 1 + (-5)/(5 - 0). Calculate b(g).
-3
Let c(o) = 3 - o**2 - 8*o + 10*o - 2. Let u(v) = v**2 - 5*v - 10. Let x = 3 - -4. Let r be u(x). What is c(r)?
-7
Let u(c) = 5*c + 9 - 7 - 7. Let p(k) = 6*k - 6. Let s(z) = -4*p(z) + 5*u(z). Determine s(1).
0
Let n(f) be the second derivative of f**3/2 + 3*f**2/2 + 3*f - 35. What is n(-7)?
-18
Let x be (4/(-5))/(-7 - (-1044)/150). Let l be (x/(-30))/(1/6). Let k(s) = s**3 + 6*s**2 + s - 5. What is k(l)?
23
Let f(x) = 7*x**3 - 11*x**2 - 4*x + 1. Let z(n) = -16*n**3 + 23*n**2 + 8*n - 2. Let q(o) = 9*f(o) + 4*z(o). What is q(-6)?
-11
Let s(n) = -3*n**2 + 9*n + 2. Let l(x) = x**2 - x - 1. Let o(j) = 2*l(j) + s(j). Suppose -y - 7*y = -56. Determine o(y).
0
Let r = -9 - -9. Let j be (r - -1)*20/5. Let a(l) = l**2 + 1. Let q(v) = 5*v**2 + 3*v + 5. Let g(t) = -6*a(t) + q(t). Calculate g(j).
-5
Let d(c) = -c**2 + 7*c + 5. Let s(m) = 2*m**2 - 19*m + 13. Let q be s(14). Let t = 145 - q. Determine d(t).
11
Let p(a) = -2*a**3 - 26*a**2 + 30*a + 19. Let l be p(-14). Let q(z) = z**3 + 10*z**2 + 10*z - 12. Determine q(l).
-